{"id":108,"date":"2025-06-17T15:12:36","date_gmt":"2025-06-17T15:12:36","guid":{"rendered":"https:\/\/varastomikkeli.fi\/?page_id=108"},"modified":"2026-02-01T20:24:47","modified_gmt":"2026-02-01T16:24:47","slug":"home","status":"publish","type":"page","link":"https:\/\/varastomikkeli.fi\/","title":{"rendered":"VUOKRAA VARASTO MIKKELISS\u00c4 VARASTOMIKKELI.FI"},"content":{"rendered":"\n<section class=\"wp-block-group alignfull is-style-default has-contrast-color has-custom-valkoin-background-color has-text-color has-background has-link-color has-medium-font-size wp-elements-42bcf6e672de9a4ced6221136362cfc2 has-global-padding is-layout-constrained wp-container-core-group-is-layout-ac9bcd22 wp-block-group-is-layout-constrained\" style=\"min-height:100%;margin-top:0;margin-bottom:0;padding-top:0;padding-right:0;padding-bottom:0;padding-left:0\">\n<div class=\"wp-block-group is-style-default has-roboto-slab-font-family has-global-padding is-layout-constrained wp-container-core-group-is-layout-472706ad wp-block-group-is-layout-constrained\">\n<p><\/p>\n\n\n\n<p class=\"has-text-align-center is-style-text-subtitle has-large-font-size is-style-text-subtitle--1\">Varastomikkeli tarjoaa vaihtoehtoa erikokoisiin varastoinnin tarpeisiin edullisesti ja vaivattomasti!<\/p>\n\n\n\n<p><\/p>\n\n\n\n<p class=\"has-text-align-center is-style-text-subtitle has-large-font-size is-style-text-subtitle--2\">Koe helppo ja edullinen varastointi meilt\u00e4 nyt!<\/p>\n\n\n\n<p><\/p>\n\n\n\n<hr class=\"wp-block-separator has-alpha-channel-opacity is-style-default\"\/>\n\n\n\n<p class=\"has-text-align-center has-large-font-size\"><strong>VARASTOI<\/strong><br>Valitse itsellesi sopiva varastokoppi, koot 1,5-10 m\u00b2.<\/p>\n\n\n\n<p><\/p>\n\n\n\n<p class=\"has-text-align-center has-large-font-size\"><strong>S\u00c4ILYT\u00c4<\/strong><br>Tarjoamme jokaiselle asiakkaallemme 7. kuukauden veloituksetta.<\/p>\n\n\n\n<p><\/p>\n\n\n\n<p class=\"has-text-align-center has-large-font-size\"><strong>NAVIGOI<\/strong><br>Varasto sijaitsee Jyv\u00e4skyl\u00e4n tien varrella, osoitteessa Kovalantie 112. Sijainti on logistisesti loistava ja helppo l\u00f6yt\u00e4\u00e4.<\/p>\n\n\n\n<p class=\"has-text-align-center has-large-font-size\"><\/p>\n<\/div>\n\n\n\n<div class=\"wp-block-buttons is-content-justification-center is-nowrap is-layout-flex wp-container-core-buttons-is-layout-12a27398 wp-block-buttons-is-layout-flex\">\n<div class=\"wp-block-button has-custom-width wp-block-button__width-50 is-style-fill\"><a class=\"wp-block-button__link has-large-font-size has-custom-font-size wp-element-button\" href=\"https:\/\/varastomikkeli.fi\/index.php\/vuokraus\/\" style=\"border-style:none;border-width:0vh;padding-top:var(--wp--preset--spacing--20);padding-right:var(--wp--preset--spacing--20);padding-bottom:var(--wp--preset--spacing--20);padding-left:var(--wp--preset--spacing--20)\"><strong>Tilaa t\u00e4st\u00e4 <\/strong><span class=\"dashicons dashicons-cart\"><\/span><\/a><\/div>\n<\/div>\n<\/section>\n\n\n\n<section class=\"wp-block-group alignwide is-style-default has-base-background-color has-background has-global-padding is-layout-constrained wp-container-core-group-is-layout-12243e0f wp-block-group-is-layout-constrained\" id=\"hinnat\">\n<div class=\"wp-block-columns alignwide is-style-section-3 has-background is-layout-flex wp-container-core-columns-is-layout-28f84493 wp-block-columns-is-layout-flex is-style-section-3--3\" style=\"background-color:#f2af57de\">\n<div class=\"wp-block-column is-style-default has-global-padding is-content-justification-center is-layout-constrained wp-container-core-column-is-layout-7384c2ff wp-block-column-is-layout-constrained\" style=\"border-style:none;border-width:0px;border-radius:5px;padding-top:0;padding-right:var(--wp--preset--spacing--20);padding-bottom:0;padding-left:var(--wp--preset--spacing--20);flex-basis:100%\">\n<h6 class=\"wp-block-heading has-text-align-center is-style-text-subtitle has-medium-font-size is-style-text-subtitle--4\"><strong>Hinnasto<\/strong><\/h6>\n\n\n\n<p><\/p>\n\n\n\n<div class=\"wp-block-group alignwide has-global-padding is-content-justification-center is-layout-constrained wp-block-group-is-layout-constrained\" style=\"border-style:none;border-width:0px;border-radius:0%\">\n<div class=\"wp-block-group has-large-font-size has-global-padding is-layout-constrained wp-block-group-is-layout-constrained\">\n<figure class=\"wp-block-table is-style-regular has-roboto-slab-font-family\"><table class=\"has-accent-3-background-color has-background has-fixed-layout\"><thead><tr><th class=\"has-text-align-center\" data-align=\"center\">m\u00b2<\/th><th class=\"has-text-align-center\" data-align=\"center\">\u20ac<\/th><\/tr><\/thead><tbody><tr><td class=\"has-text-align-center\" data-align=\"center\"><strong>1.5<\/strong><\/td><td class=\"has-text-align-center\" data-align=\"center\"><strong>20<\/strong><\/td><\/tr><tr><td class=\"has-text-align-center\" data-align=\"center\"><strong>4<\/strong><\/td><td class=\"has-text-align-center\" data-align=\"center\"><strong>50<\/strong><\/td><\/tr><tr><td class=\"has-text-align-center\" data-align=\"center\"><strong>5<\/strong><\/td><td class=\"has-text-align-center\" data-align=\"center\"><strong>60<\/strong><\/td><\/tr><tr><td class=\"has-text-align-center\" data-align=\"center\"><strong>6<\/strong><\/td><td class=\"has-text-align-center\" data-align=\"center\"><strong>72<\/strong><\/td><\/tr><tr><td class=\"has-text-align-center\" data-align=\"center\"><strong>9<\/strong><\/td><td class=\"has-text-align-center\" data-align=\"center\"><strong>108<\/strong><\/td><\/tr><tr><td class=\"has-text-align-center\" data-align=\"center\"><strong>10<\/strong><\/td><td class=\"has-text-align-center\" data-align=\"center\"><strong>120<\/strong><\/td><\/tr><\/tbody><\/table><\/figure>\n<\/div>\n\n\n\n<p><\/p>\n\n\n\n<p class=\"has-text-align-center is-style-text-display has-large-font-size is-style-text-display--5\" style=\"text-decoration:underline\"><strong>Joka 7. kuukausi on ilmainen!<\/strong><\/p>\n\n\n\n<p class=\"has-text-align-center has-small-font-size\">Yrityshintoihin lis\u00e4t\u00e4\u00e4n alv 25,5 %. <\/p>\n<\/div>\n\n\n\n<p><\/p>\n\n\n\n<div class=\"wp-block-group alignwide has-global-padding is-content-justification-center is-layout-constrained wp-block-group-is-layout-constrained\" style=\"border-style:none;border-width:0px;border-radius:0%\">\n<div class=\"wp-block-buttons has-custom-font-size has-large-font-size is-content-justification-center is-nowrap is-layout-flex wp-container-core-buttons-is-layout-12a27398 wp-block-buttons-is-layout-flex\">\n<div class=\"wp-block-button is-style-fill\"><a class=\"wp-block-button__link has-base-color has-contrast-background-color has-text-color has-background has-link-color has-large-font-size has-custom-font-size wp-element-button\" href=\"https:\/\/varastomikkeli.fi\/index.php\/vuokraus\/\" style=\"padding-top:var(--wp--preset--spacing--20);padding-right:var(--wp--preset--spacing--30);padding-bottom:var(--wp--preset--spacing--20);padding-left:var(--wp--preset--spacing--30)\"><strong>Tilaa t\u00e4st\u00e4 <\/strong><span class=\"dashicons dashicons-cart\"><\/span><\/a><\/div>\n<\/div>\n<\/div>\n<\/div>\n<\/div>\n<\/section>\n\n\n\n<p><\/p>\n\n\n\n<figure class=\"wp-block-image size-large\"><img loading=\"lazy\" decoding=\"async\" width=\"768\" height=\"1024\" src=\"https:\/\/varastomikkeli.fi\/wp-content\/uploads\/2025\/06\/kaytava-768x1024.jpg\" alt=\"\" class=\"wp-image-233\" style=\"aspect-ratio:1;object-fit:cover\" srcset=\"https:\/\/varastomikkeli.fi\/wp-content\/uploads\/2025\/06\/kaytava-768x1024.jpg 768w, https:\/\/varastomikkeli.fi\/wp-content\/uploads\/2025\/06\/kaytava-225x300.jpg 225w, https:\/\/varastomikkeli.fi\/wp-content\/uploads\/2025\/06\/kaytava-1152x1536.jpg 1152w, https:\/\/varastomikkeli.fi\/wp-content\/uploads\/2025\/06\/kaytava.jpg 1536w\" sizes=\"auto, (max-width: 768px) 100vw, 768px\" \/><\/figure>\n\n\n\n<figure class=\"wp-block-image size-large\"><img loading=\"lazy\" decoding=\"async\" width=\"768\" height=\"1024\" src=\"https:\/\/varastomikkeli.fi\/wp-content\/uploads\/2025\/06\/toinentyhjakoppi-2-768x1024.jpg\" alt=\"\" class=\"wp-image-205\" style=\"aspect-ratio:1;object-fit:cover\" srcset=\"https:\/\/varastomikkeli.fi\/wp-content\/uploads\/2025\/06\/toinentyhjakoppi-2-768x1024.jpg 768w, https:\/\/varastomikkeli.fi\/wp-content\/uploads\/2025\/06\/toinentyhjakoppi-2-225x300.jpg 225w, https:\/\/varastomikkeli.fi\/wp-content\/uploads\/2025\/06\/toinentyhjakoppi-2-1152x1536.jpg 1152w, https:\/\/varastomikkeli.fi\/wp-content\/uploads\/2025\/06\/toinentyhjakoppi-2.jpg 1536w\" sizes=\"auto, (max-width: 768px) 100vw, 768px\" \/><\/figure>\n\n\n\n<figure class=\"wp-block-image size-large\"><img loading=\"lazy\" decoding=\"async\" width=\"1024\" height=\"768\" src=\"https:\/\/varastomikkeli.fi\/wp-content\/uploads\/2025\/06\/tyhjakoppi-1-1024x768.jpg\" alt=\"\" class=\"wp-image-204\" style=\"aspect-ratio:1;object-fit:cover\" srcset=\"https:\/\/varastomikkeli.fi\/wp-content\/uploads\/2025\/06\/tyhjakoppi-1-1024x768.jpg 1024w, https:\/\/varastomikkeli.fi\/wp-content\/uploads\/2025\/06\/tyhjakoppi-1-300x225.jpg 300w, https:\/\/varastomikkeli.fi\/wp-content\/uploads\/2025\/06\/tyhjakoppi-1-768x576.jpg 768w, https:\/\/varastomikkeli.fi\/wp-content\/uploads\/2025\/06\/tyhjakoppi-1-1536x1152.jpg 1536w, https:\/\/varastomikkeli.fi\/wp-content\/uploads\/2025\/06\/tyhjakoppi-1.jpg 2048w\" sizes=\"auto, (max-width: 1024px) 100vw, 1024px\" \/><\/figure>\n\n\n\n<p class=\"has-text-align-center\"><\/p>\n","protected":false},"excerpt":{"rendered":"","protected":false},"author":2,"featured_media":191,"parent":0,"menu_order":0,"comment_status":"closed","ping_status":"closed","template":"","meta":{"footnotes":""},"class_list":["post-108","page","type-page","status-publish","has-post-thumbnail","hentry"],"_links":{"self":[{"href":"https:\/\/varastomikkeli.fi\/index.php\/wp-json\/wp\/v2\/pages\/108","targetHints":{"allow":["GET"]}}],"collection":[{"href":"https:\/\/varastomikkeli.fi\/index.php\/wp-json\/wp\/v2\/pages"}],"about":[{"href":"https:\/\/varastomikkeli.fi\/index.php\/wp-json\/wp\/v2\/types\/page"}],"author":[{"embeddable":true,"href":"https:\/\/varastomikkeli.fi\/index.php\/wp-json\/wp\/v2\/users\/2"}],"replies":[{"embeddable":true,"href":"https:\/\/varastomikkeli.fi\/index.php\/wp-json\/wp\/v2\/comments?post=108"}],"version-history":[{"count":40,"href":"https:\/\/varastomikkeli.fi\/index.php\/wp-json\/wp\/v2\/pages\/108\/revisions"}],"predecessor-version":[{"id":1094,"href":"https:\/\/varastomikkeli.fi\/index.php\/wp-json\/wp\/v2\/pages\/108\/revisions\/1094"}],"wp:featuredmedia":[{"embeddable":true,"href":"https:\/\/varastomikkeli.fi\/index.php\/wp-json\/wp\/v2\/media\/191"}],"wp:attachment":[{"href":"https:\/\/varastomikkeli.fi\/index.php\/wp-json\/wp\/v2\/media?parent=108"}],"curies":[{"name":"wp","href":"https:\/\/api.w.org\/{rel}","templated":true}]}}